 Determine h(-3).
-12
Let w(m) = -m**3 + 2*m**2 + 2*m - 2. Give w(2).
2
Let u(d) = 2*d**2 + 2*d - 3. Calculate u(3).
21
Let h(o) = o**2 + 11*o + 12. What is h(-10)?
2
Let u(s) = 2*s - 28. Determine u(4).
-20
Let z(n) = -3*n - 21. What is z(-9)?
6
Let v(g) = -3*g + 12. What is v(7)?
-9
Let b(s) = -s - 53. Determine b(-45).
-8
Let h(m) = -m - 23. Calculate h(-3).
-20
Let c(t) = -t**3 - 14*t**2 - 26*t - 1. Determine c(-12).
23
Let f(g) = g**2 - 6*g - 1. Determine f(5).
-6
Let a(c) = c + 54. What is a(0)?
54
Let m(i) = -14*i - 93. What is m(-7)?
5
Let d(f) = 4*f + 9. What is d(-2)?
1
Let l(q) = -11*q**3 - 3*q**2 + q + 2. Give l(-2).
76
Let f(k) = k + 1. Determine f(-5).
-4
Let o(f) = -11*f - 33. What is o(-3)?
0
Let j(u) = -8*u + 7. What is j(5)?
-33
Let r(k) = -4*k + 2. What is r(1)?
-2
Let z(j) = j**3 - 2*j**2 + 4*j - 15. Give z(2).
-7
Let k(l) = -41*l - 157. What is k(-4)?
7
Let i(b) = -b**2 - 11*b - 12. What is i(-10)?
-2
Let q(n) = 7*n**2 - 36*n - 1. What is q(5)?
-6
Let k(m) = 13*m + 2. Determine k(2).
28
Let k(l) = l**2 - 8*l - 15. What is k(9)?
-6
Let b(x) = 5*x - 36. What is b(5)?
-11
Let h(m) = -m - 14. What is h(-7)?
-7
Let o(a) = 5*a**3 - 2*a + 1. Calculate o(1).
4
Let t(h) = -h**3 - 7*h**2 - 12*h + 6. Determine t(-5).
16
Let t(a) = a**3 - 10*a**2 + 8*a - 27. What is t(9)?
-36
Let s(w) = 2*w - 8. What is s(2)?
-4
Let q(x) = -15*x**3 + 3*x**2 - 4*x + 5. Determine q(2).
-111
Let l(q) = 14*q + 172. Give l(-7).
74
Let r(n) = -n**2 + 6*n + 5. What is r(7)?
-2
Let l(x) = x - 2. Give l(-6).
-8
Let r(q) = q**3 - q**2 + q - 15. Calculate r(0).
-15
Let w(y) = 2*y**2 - 22*y - 318. Give w(-8).
-14
Let q(v) = v - 9. Give q(-3).
-12
Let t(x) = -12*x - 251. Give t(-21).
1
Let h(s) = -5*s + 12. What is h(-12)?
72
Let q(f) = f**3 + 20*f**2 + f - 21. Calculate q(-20).
-41
Let y(x) = x**3 - 7*x**2 + 7*x - 13. Calculate y(6).
-7
Let l(t) = t**2 + 31*t + 3. Determine l(-31).
3
Let h(r) = 2*r**2 - 57*r + 42. What is h(28)?
14
Let h(a) = 3*a + 54. Determine h(-16).
6
Let z(i) = 2*i**2 + 33*i + 43. What is z(-14)?
-27
Let s(u) = u + 15. Determine s(-3).
12
Let h(u) = 2*u**2 + u + 51. What is h(0)?
51
Let u(b) = b**3 + 6*b**2 - 2*b + 1. Give u(-6).
13
Let n(q) = 12*q - 30. Give n(4).
18
Let d(s) = s**2 + 4*s. Determine d(-5).
5
Let t(i) = -i**2 - 35*i - 99. Determine t(-32).
-3
Let a(i) = 4*i - 19. Give a(14).
37
Let t(v) = -5*v**3 - 2*v**2. Calculate t(-2).
32
Let q(t) = 21*t**3 + t**2 - 1. Give q(-1).
-21
Let s(f) = -f**3 - 13*f**2 - 22*f + 27. Give s(-10).
-53
Let c(x) = -8*x + 49. Determine c(10).
-31
Let q(m) = m**3 - 8*m**2 + 5*m - 7. Calculate q(5).
-57
Let i(j) = -2*j**3 + 19*j**2 - 10*j + 4. What is i(9)?
-5
Let n(q) = -q**3 - 8*q**2 - q - 2. Determine n(-7).
-44
Let g(d) = -22*d - 1. Calculate g(-1).
21
Let b(w) = -21*w**3 - w**2 - w - 1. Determine b(-1).
20
Let k(f) = -14*f + 5. Calculate k(9).
-121
Let x(a) = 5*a. What is x(7)?
35
Let h(f) = f - 15. Give h(17).
2
Let i(a) = -a**2 - 60*a - 456. Determine i(-51).
3
Let c(r) = -r**2 + 25*r - 23. Calculate c(18).
103
Let x(u) = u**2 + 19*u - 30. Determine x(-21).
12
Let s(l) = -l**3 + 6*l**2 + 7*l + 7. Calculate s(7).
7
Let i(j) = -j**3 + 11*j**2 + 3. Calculate i(10).
103
Let r(g) = -g**2 + 17*g + 50. Give r(20).
-10
Let b(r) = r**3 - 13*r**2 + 12*r - 9. Give b(12).
-9
Let y(z) = -40*z**2 + z + 1. What is y(1)?
-38
Let j(d) = d**3 - 4*d**2 - 19*d - 14. What is j(7)?
0
Let p(v) = -10*v + 5. Determine p(-3).
35
Let f(b) = 3*b**2 + 5*b - 4. Determine f(3).
38
Let f(a) = a + 2. Give f(-2).
0
Let f(x) = 7*x + 3. Determine f(9).
66
Let h(j) = -9*j - 9. Determine h(6).
-63
Let s(h) = -h**3 - 2*h**2 - 14*h - 46. Determine s(-3).
5
Let u(i) = 7*i + 86. Calculate u(-14).
-12
Let m(x) = 2*x**2 + 3*x + 2. Calculate m(-3).
11
Let t(m) = 22*m + 257. What is t(-12)?
-7
Let z(d) = d**2 + 14*d + 35. Determine z(-3).
2
Let z(o) = -o**2 + o + 19. What is z(0)?
19
Let z(o) = -o**2 - 14*o - 34. Determine z(-6).
14
Let w(u) = 72*u**3 - u**2 + 6*u - 6. Give w(1).
71
Let n(j) = -72*j + 1377. Give n(19).
9
Let l(q) = -q**3 - 8*q**2 - 5*q + 6. What is l(-7)?
-8
Let k(u) = -u**2 + 4*u + 36. Determine k(9).
-9
Let i(v) = -v**3 + 22*v**2 - 93*v - 52. Determine i(16).
-4
Let c(p) = -p**3 - 7*p**2 + 9*p + 5. Calculate c(-8).
-3
Let z(k) = -k**3 + 6*k**2 - 5*k + 6. What is z(4)?
18
Let d(x) = 2*x**3 + 7*x**2 + 8*x + 11. What is d(-4)?
-37
Let y(v) = v**3 - 7*v**2 - v + 3. Calculate y(7).
-4
Let h(c) = 7*c**2 - 6*c + 3. Give h(2).
19
Let u(z) = z**2 + 15*z + 62. Give u(-12).
26
Let h(m) = m**3 + 4*m**2 + 3*m + 1. What is h(-2)?
3
Let d(u) = 2*u + 9. Determine d(2).
13
Let o(t) = 6*t**2 + 1. Give o(1).
7
Let w(h) = 12*h + 3. Determine w(-2).
-21
Let p(c) = c + 26. What is p(-12)?
14
Let h(l) = l**3 - 5*l**2 - 3*l + 27. Give h(6).
45
Let m(c) = c**2 + 18. Give m(0).
18
Let y(f) = -f - 20. Calculate y(-14).
-6
Let v(u) = u**2 - 2*u - 8. Determine v(5).
7
Let v(t) = 2*t**2 - 10*t - 5. Determine v(-1).
7
Let n(y) = y**3 - 5*y**2 + y - 7. Give n(5).
-2
Let l(o) = o**3 + 16*o**2 + 14*o - 8. Determine l(-15).
7
Let k(q) = -q**3 + 10*q**2 + 12*q - 11. Calculate k(11).
0
Let v(c) = -c**2 - 18*c - 102. What is v(-12)?
-30
Let t(u) = u**3 + 7*u**2 + 13*u + 8. Calculate t(-5).
-7
Let o(r) = -r**3 + 8*r**2 + 2*r - 22. Determine o(8).
-6
Let y(h) = -h**3 - 14*h**2 - 11*h + 30. Determine y(-13).
4
Let f(b) = b**3 + 7*b**2 + 5. Calculate f(-7).
5
Let z(y) = 46*y**3 + y**2 - 2*y + 1. Calculate z(1).
46
Let v(f) = f**2 + 12*f + 8. Give v(-10).
-12
Let g(x) = x + 5. Give g(22).
27
Let w(q) = q**3 + 2*q**2 - 5*q + 13. What is w(-5)?
-37
Let r(t) = -t**2 + 9*t + 25. What is r(11)?
3
Let l(s) = -s**2 + 19*s - 81. Give l(12).
3
Let q(a) = -a**2 - 4*a - 2. Determine q(8).
-98
Let r(x) = -6*x**2 - x. Calculate r(-1).
-5
Let i(j) = 3*j**2 - 16*j - 57. Determine i(-7).
202
Let b(d) = 2*d**3 - 2*d**2 - 1. What is b(3)?
35
Let h(o) = o**2 + 28*o - 130. Give h(4).
-2
Let o(g) = -g**3 - 14*g**2 - 11*g + 12. Calculate o(-13).
-14
Let j(s) = s**3 + 10*s**2 - 26*s - 21. Calculate j(-12).
3
Let j(a) = -a**2 + 11*a + 8. Determine j(11).
8
Let d(m) = m**3 + 2*m**2 - 18*m - 12. What is d(-5)?
3
Let v(l) = l**3 - 8*l**2 - 2*l + 8. What is v(8)?
-8
Let u(m) = -m**2 + 3*m - 4. Calculate u(-4).
-32
Let n(q) = -5*q - 39. Calculate n(-10).
11
Let l(v) = v**3 - 3*v**2 - 7*v - 13. Calculate l(5).
2
Let w(h) = -14*h - 314. What is w(-19)?
-48
Let r(k) = k**3 + k**2 - k - 8. Calculate r(-3).
-23
Let n(y) = y**2 - 10*y + 3. Determine n(-8).
147
Let x(j) = -2*j**2 + 5*j + 6. What is x(-3)?
-27
Let o(l) = -l**3 - 5*l**2 + 11*l + 6. Calculate o(-7).
27
Let x(j) = -9*j + 75. Give x(7).
12
Let j(v) = -4*v**2 - 17*v + 18. What is j(1)?
-3
Let u(z) = 2*z**2 - 6*z - 147. Give u(10).
-7
Let n(s) = s**3 - s**2 - 10*s - 7. Calculate n(5).
43
Let q(b) = 19*b + 85. Give q(-5).
-10
Let q(x) = x - 66. What is q(28)?
-38
Let q(x) = -x**3 + 8*x**2 - 14*x + 13. Give q(7).
-36
Let g(v) = 4*v + 199. What is g(-48)?
7
Let j(k) = k**2 + 10*k + 1. Determine j(-8).
-15
Let r(l) = -6*l + 2. Determine r(2).
-10
Let k(c) = c**3 + 30*c**2 - 27*c + 60. Determine k(-31).
-64
Let s(p) = -4*p**2 - 4*p - 2. Calculate s(-4).
-50
Let u(q) = 54*q - 4. Determine u(2).
104
Let s(r) = r**2 + 4*r - 2. Give s(1).
3
Let b(y) = -18*y + 100. What is b(5)?
10
Let v(j) = j**3 + 11*j**2 + 5*j - 6. Determine v(-10).
44
Let b(z) = 2*z - 5. Calculate b(-2).
-9
Let r(p) = 2*p - 16. Calculate r(-10).
-36
Let l(u) = 15*u - 10. Calculate l(1).
5
Let o(g) = -2*g**2 - 37*g + 17. Determine o(-21).
-88
Let w(g) = 25*g + 187. What is w(-7)?
12
Let l(s) = -s**2 - 7*s + 9. Give l(-8).
1
Let b(u) = u - 1. Give b(1).
0
Let m(j) = -3*j - 1. Give m(-5).
14
Let u(m) = m**3 - 4*m**2 - 3*m + 18. What is u(4)?
6
Let q(d) = -3*d + 7. Calculate q(0).
7
Let s(c) = -c**2 - 28*c - 26. Calculate s(-1).
1
Let v(w) = -4*w - 3. Determine v(-1).
1
Let w(u) = 4*u**2 - 2*u - 6. What is w(5)?
84
Let l(q) = q**2 - 27*q + 186. Determine l(13).
4
Let r(n) = -2*n**3 + 57*n**2 - 28*n - 3. Give r(28).
-3
Let f(d) = -2*d**3 - 11*d**2 + 7*d + 8. Determine f(-6).
2
Let x(w) = w**2 + 8*w - 13. Calculate x(-9).
-4
Let o(t) = t**2 + 2*t. What is o(-8)?
48
Let o(c) = c**2 + 2*c - 8. What is o(0)?
-8
Let q(v) = -v**3 - 3*v**2 - v - 1. Give q(-3).
2
Let x(p) = 7*p**2 - 2*p 